s the hundreds digit of s(f)?
1
Let q = -469 + 474. Suppose q*g = 9 - 14, 305 = 3*c + g. What is the units digit of c?
2
Let b(u) = 109*u**3 + 6*u**2 - 5*u + 56. What is the ten thousands digit of b(5)?
1
Let n = 3 + 1. Suppose n = -4*u + 12, 4*l - 5*u = 918. What is the units digit of l?
2
Let v(j) = 3*j**3 - 13*j**3 + 9*j**3 + 9*j**2 - 7*j + 5. Let y be v(8). Suppose -40 = -y*p + 3*p. What is the units digit of p?
4
Suppose -43022 = 22*k - 293118. What is the ten thousands digit of k?
1
Suppose 8*b - 5441 = 19215. Suppose 11*g - 1087 - b = 0. What is the hundreds digit of g?
3
Let s(u) = 102*u**2 - 4*u - 31. What is the tens digit of s(-8)?
2
Let o = 328 - 341. Let k(u) = 12*u + 333. What is the units digit of k(o)?
7
Let a = 2199 - 2205. Let t be ((-18)/8)/((-1)/40). What is the tens digit of t*(-3 - 22/a)?
6
Let h(y) = 198*y**2 - 16*y - 125. What is the hundreds digit of h(-6)?
0
Suppose -717586 = 88*w - 1940346. What is the thousands digit of w?
3
Let y(n) = 1295 - 3*n**2 + 3*n**3 - 1312 - 4*n**3 + 8*n. What is the units digit of y(-8)?
9
Suppose 55004 + 99450 - 1358 = 12*p. What is the hundreds digit of p?
7
Suppose -210 = -3*c + 504. Suppose -68*w = -15892 - 6820. Let o = w - c. What is the tens digit of o?
9
What is the hundreds digit of 2 + 51/(-15) - 173820/(-50)?
4
Suppose -5*f + 2*v = 15 - 37, v + 17 = 4*f. Suppose 0 = -f*l + 3*u + 2904, 2*l + 3*u = -2*u + 1478. What is the units digit of l?
9
Let u be 2 + -4 + 2*998/4. Let w = u + -326. What is the units digit of w?
1
Let f(c) be the first derivative of -c**2 + 0*c + 94/3*c**3 - 20. What is the units digit of f(-1)?
6
Suppose 0 = 162*x - 182*x + 464100. What is the hundreds digit of x?
2
Suppose 7410420 = 115*b + 155*b. What is the hundreds digit of b?
4
Let u(r) = 2*r + 79. Let n(t) = -16*t**3 - t**2 - 3*t + 2. Let q be n(1). What is the units digit of u(q)?
3
Let v = 4358 + 52688. What is the thousands digit of v?
7
Let i(d) = -d**2 - 10*d - 20. Let f be i(-5). Suppose 0*a + 585 = 2*a - f*s, -4*a = s - 1159. What is the units digit of a?
0
Suppose -5*c + g = -582, -378*c - 2*g = -379*c + 120. Suppose -2*i + 4 = -i. Suppose -k + i*s + s = -106, 0 = k + 5*s - c. What is the hundreds digit of k?
1
Suppose 0 = 5*z + 4*m - 96085, 14*z - 5*m - 57688 = 11*z. What is the ten thousands digit of z?
1
Suppose -10 = -18*d - 46. Let a be (d/(-3))/(4/(-3))*10. What is the units digit of (a - -1)/(1 - (-5)/(-3))?
6
What is the units digit of (15 - 6 - -2)*5/(5/867)?
7
Suppose -5*y + 162 = 3*g, 148 = 2*g - y + 53. Let m(p) = -20*p + 1. Let v be m(-1). What is the units digit of g/7*6/v?
2
Suppose 0 = 2*q + 2, q + 17 = 2*o + 2*o. Suppose -2*j + 7*j - 425 = -5*l, 434 = 5*l - o*j. Let b = l + -27. What is the units digit of b?
9
Let g(q) be the first derivative of -q**3/3 + 2*q**2 + 4*q - 2. Let j be g(4). Let o(r) = 5*r - 1. What is the tens digit of o(j)?
1
Suppose 7*v + 144 = 15*v. Suppose -2655 - 1827 = -v*p. What is the hundreds digit of p?
2
Let p(s) = -2*s + 42. Let a be p(-17). Let l = a - -59. Let f = l + -24. What is the tens digit of f?
1
Let f = -43 - -45. Suppose 0 = -5*q - 20, l - 34 = f*q + 3*q. What is the units digit of l?
4
Suppose 9*m + 16*m = 1275. Suppose -45*p - 978 = -m*p. What is the hundreds digit of p?
1
What is the tens digit of -2 + -1 - (-17849 + (-8 - -9))?
4
Let n = -5498 + 8413. Let x = 4548 - n. What is the tens digit of x?
3
Let v = 139 + -147. Let s(q) = q**3 + 10*q**2 + 13*q - 15. What is the units digit of s(v)?
9
What is the tens digit of 5*242/(-55)*(0/5 + -4)?
8
Let u(h) = -4*h - 5*h**2 + 7*h**2 + 21 + 8*h**2 + 5*h**2. What is the tens digit of u(6)?
3
Suppose 5*y + 7 = 2*o, -y = -2*y - 3*o + 2. Let h be 3 + (60 - (1 + y)). Suppose 2*g - h = -g. What is the units digit of g?
1
What is the ten thousands digit of (-925462)/(-12) + 405/(-486)?
7
Suppose -77*w - 160 = -82*w. Suppose s - w = 34. Suppose 0 = x + 3*j - s, -x + 31 = -0*x - 4*j. What is the units digit of x?
1
Let g(w) = -w + 4. Let d be g(0). Let n be 1/((d/(-2))/(-4)). Let z(a) = 41*a + 6. What is the tens digit of z(n)?
8
Let j = -33 - -84. Suppose 0 = -2*d - 4*w + 184, -388 = 26*d - 31*d + 2*w. Let n = d - j. What is the tens digit of n?
2
Let s(a) = -5*a - 12. Suppose 4*y + 5*p = 95, 5*y - 155 = -2*p + 3*p. Suppose -y = -9*t - 111. What is the tens digit of s(t)?
3
Suppose c + 39 = 66. Suppose -247 = -c*w + 8*w. What is the units digit of w?
3
Suppose 0 = -0*u - 87*u + 1531520 + 1855. What is the ten thousands digit of u?
1
Let t = 6554 - -6812. What is the thousands digit of t?
3
Let n = -26 + 31. Let o be 2 - 0 - (41 - 249). Suppose o = -3*b + n*b. What is the hundreds digit of b?
1
Let c(u) = u**2 - u + 5. Let j be c(0). Let q(l) = l**2 - l + 1. Let b be q(j). What is the units digit of (b/6 - 1)*34?
5
Let y = 73 - 75. Let o(a) = a**2 - a - 4. Let j be o(y). What is the hundreds digit of j/(-7) + 26272/224?
1
Let u(k) = -k**3 - 23*k**2 + 24*k + 5. Let i be u(-24). Suppose w - i = 0, -q = -5*w + 21 + 5. What is the hundreds digit of -4 - q/((-4)/(-424))?
1
Let t(q) = -q**2 + 61*q - 35. Let k = 189 + -144. What is the tens digit of t(k)?
8
What is the units digit of -2*(5 - (20/(-24))/(2/(-36078)))?
5
Suppose -16 - 24 = 2*s. Suppose 6*t = 7*t - 57. Let n = s + t. What is the units digit of n?
7
Let r(z) = 13*z**2 + 2*z + 1. Let x be r(-1). Let y(a) = -a**2 + 14*a - 18. Let s be y(x). Suppose -2*g = -s*g + 128. What is the units digit of g?
2
Suppose -x + 825 + 229 = -5*f, 0 = f + 2*x + 202. Let l(s) = -s**3 + 49*s**2 - 319*s - 2. Let k be l(41). Let m = k + f. What is the hundreds digit of m?
1
Let f be (-3 - -1)/(-1) - 3. Let c be (1 - (-175)/21) + f/3. Suppose 0*i + c*i = 225. What is the tens digit of i?
2
Suppose 0 = -16*s + 794120 - 73928. What is the tens digit of s?
1
Let x = 109 - 65. Suppose 3 = -z - 4*b - 1, 0 = 2*z - 5*b - x. Suppose 0 = 5*c + 2*w + 10 - 517, 0 = 3*w + z. What is the hundreds digit of c?
1
Suppose -m + d + 70 = m, -4*m + 134 = d. Suppose 29*n - 31*n = -m. What is the units digit of n?
7
Let x(a) be the third derivative of 8*a**2 + 0 + 44/3*a**3 + 0*a - 1/24*a**4 - 1/60*a**5. What is the tens digit of x(0)?
8
Let f(y) = 9*y**2 - 6. Let q(g) = g**2 + 14*g - 11. Let w = 7 + -22. Let z be q(w). What is the units digit of f(z)?
8
Let x(u) = -u**3 + u**2 + 7*u. Let w be x(3). Suppose 0 = p - w - 5. What is the units digit of (-4 + p)/(-8)*-70?
5
Let c = -431 - -455. Suppose 2658 = -18*s + c*s. What is the units digit of s?
3
Suppose -251*c - 151*c = -8566218. What is the ten thousands digit of c?
2
What is the thousands digit of (2/16 - 3243/(-1128))*12044/6?
6
Let v(i) = -13*i + 40. Let y be v(3). What is the hundreds digit of y*((-487)/1*-1 - 4)?
4
Let x = 41 - 39. Suppose 0 = -4*t + 12, -5*t + 5 = -2*k - x. Suppose -n + k*n - 156 = 0. What is the tens digit of n?
5
Let n be -4 - 0 - (952 - -33). Let i = -702 - n. What is the hundreds digit of i?
2
What is the thousands digit of (-87425184)/(-3552) + (-2)/(-37)?
4
Let p be (3 + -139)*(-1 - (-5)/(-2)). Let v be p/6 + (-4)/12. Suppose 4*u - 57 = v. What is the units digit of u?
4
Let t(b) = -b**3 + 7*b**2 - 4*b + 4. Let a be t(4). Let w = 32 - a. What is the tens digit of ((-2)/w)/(14/840)?
3
Suppose 104*x - 19*x - 4214454 = -89*x. What is the ten thousands digit of x?
2
What is the thousands digit of (-2)/10 - 3*(-594374)/110?
6
Let k = 42 - 56. Let m(f) = f**2 + 16*f + 31. Let n be m(k). Suppose n*h - 51 = 2*h + 3*i, 0 = 2*i. What is the tens digit of h?
5
Suppose v + 5281 = 2*a, 5*a - 2*v - 11242 = 1958. What is the hundreds digit of a?
6
Let n be 0 - 0 - (-8 + 10). Let j(k) = -195*k - 15. What is the tens digit of j(n)?
7
Let v(o) = -4*o + 2. Let d be v(0). Let s be 1*d - (1 - (-3 + 4)). Suppose n - s*n - 2*m = -143, -147 = -n - 4*m. What is the units digit of n?
9
Suppose q - 15 = -4*m, -6*m + 5*m - 6 = -3*q. Let h(z) = 4 + 404*z - z**2 - 397*z + q*z**2. What is the hundreds digit of h(-10)?
1
Suppose 17*f - 40612 = 136511. What is the hundreds digit of f?
4
Suppose 10*o - 3*o - 49 = 0. Suppose 0 = o*h - 21 - 0. What is the units digit of (-2)/(((-12)/(-16))/(h/(-2)))?
4
Suppose 84*y - 87*y = 3*t - 67680, -3*y + 67666 = t. What is the units digit of y?
3
Suppose 15*c - 49322 = 51163. What is the hundreds digit of